
{"id":112,"date":"2015-05-21T08:10:48","date_gmt":"2015-05-21T06:10:48","guid":{"rendered":"http:\/\/dxqaxqdb.preview.infomaniak.website\/?page_id=112"},"modified":"2018-09-20T07:44:37","modified_gmt":"2018-09-20T06:44:37","slug":"register","status":"publish","type":"page","link":"https:\/\/intern.laconcordia.ch\/?page_id=112","title":{"rendered":"Register"},"content":{"rendered":"<div class=\"wolf_shortcode_clear\"><\/div><div class=\"wolf_col_3 wolf_col_alpha\">\n<img loading=\"lazy\" decoding=\"async\" src=\"https:\/\/intern.laconcordia.ch\/wp-content\/uploads\/2018\/09\/cdia_drapeau2007_v2015-463x400.jpg\" width=\"231\" height=\"200\" class=\"aligncenter  size-medium wp-image-1202\" srcset=\"https:\/\/intern.laconcordia.ch\/wp-content\/uploads\/2018\/09\/cdia_drapeau2007_v2015-463x400.jpg 463w, https:\/\/intern.laconcordia.ch\/wp-content\/uploads\/2018\/09\/cdia_drapeau2007_v2015-768x664.jpg 768w, https:\/\/intern.laconcordia.ch\/wp-content\/uploads\/2018\/09\/cdia_drapeau2007_v2015-625x540.jpg 625w, https:\/\/intern.laconcordia.ch\/wp-content\/uploads\/2018\/09\/cdia_drapeau2007_v2015.jpg 1300w\" sizes=\"(max-width: 231px) 100vw, 231px\" \/><br \/>\n<\/div>\n<div class=\"wolf_col_9 wolf_col_omega\">\n<div id=\"wpmem_reg\"><a id=\"register\"><\/a><form name=\"form\" method=\"post\" action=\"https:\/\/intern.laconcordia.ch\/?page_id=112\" id=\"wpmem_register_form\" class=\"form\"><input type=\"hidden\" id=\"_wpmem_register_nonce\" name=\"_wpmem_register_nonce\" value=\"3eb9b84cb3\" \/><input type=\"hidden\" name=\"_wp_http_referer\" value=\"\/index.php?rest_route=%2Fwp%2Fv2%2Fpages%2F112\" \/><fieldset><legend>Nouvel utilisateur\u00a0?<\/legend><label for=\"username\" class=\"text\">Identifiant (Email)<span class=\"req\">*<\/span><\/label><div class=\"div_text\"><input name=\"username\" type=\"text\" id=\"username\" value=\"\" class=\"textbox\" required  \/><\/div><label for=\"first_name\" class=\"text\">Pr\u00e9nom<span class=\"req\">*<\/span><\/label><div class=\"div_text\"><input name=\"first_name\" type=\"text\" id=\"first_name\" value=\"\" class=\"textbox\" required  \/><\/div><label for=\"last_name\" class=\"text\">Nom<span class=\"req\">*<\/span><\/label><div class=\"div_text\"><input name=\"last_name\" type=\"text\" id=\"last_name\" value=\"\" class=\"textbox\" required  \/><\/div><label for=\"user_email\" class=\"text\">Courriel<span class=\"req\">*<\/span><\/label><div class=\"div_text\"><input name=\"user_email\" type=\"text\" id=\"user_email\" value=\"\" class=\"textbox\" required  \/><\/div><label for=\"email_2\" class=\"text\">Email 2<\/label><div class=\"div_text\"><input name=\"email_2\" type=\"text\" id=\"email_2\" value=\"\" class=\"textbox\" \/><\/div><label for=\"adresse1\" class=\"text\">Adresse<span class=\"req\">*<\/span><\/label><div class=\"div_text\"><input name=\"adresse1\" type=\"text\" id=\"adresse1\" value=\"\" class=\"textbox\" required  \/><\/div><label for=\"npa\" class=\"text\">Code postal<span class=\"req\">*<\/span><\/label><div class=\"div_text\"><input name=\"npa\" type=\"text\" id=\"npa\" value=\"\" class=\"textbox\" required  \/><\/div><label for=\"lieu\" class=\"text\">Lieu<span class=\"req\">*<\/span><\/label><div class=\"div_text\"><input name=\"lieu\" type=\"text\" id=\"lieu\" value=\"\" class=\"textbox\" required  \/><\/div><label for=\"instrument\" class=\"text\">Instrument \/ Fonction<span class=\"req\">*<\/span><\/label><div class=\"div_text\"><input name=\"instrument\" type=\"text\" id=\"instrument\" value=\"\" class=\"textbox\" required  \/><\/div><label for=\"tel_prive\" class=\"text\">T\u00e9l\u00e9phone priv\u00e9<\/label><div class=\"div_text\"><input name=\"tel_prive\" type=\"text\" id=\"tel_prive\" value=\"\" class=\"textbox\" \/><\/div><label for=\"tel_prof\" class=\"text\">T\u00e9l\u00e9phone professionnel<\/label><div class=\"div_text\"><input name=\"tel_prof\" type=\"text\" id=\"tel_prof\" value=\"\" class=\"textbox\" \/><\/div><label for=\"tel_mobile\" class=\"text\">T\u00e9l\u00e9phone mobile<\/label><div class=\"div_text\"><input name=\"tel_mobile\" type=\"text\" id=\"tel_mobile\" value=\"\" class=\"textbox\" \/><\/div><label for=\"date_naissance\" class=\"text\">Date de naissance<\/label><div class=\"div_text\"><input name=\"date_naissance\" type=\"text\" id=\"date_naissance\" value=\"\" class=\"textbox\" \/><\/div><input name=\"a\" type=\"hidden\" value=\"register\" \/><input name=\"wpmem_reg_page\" type=\"hidden\" value=\"https:\/\/intern.laconcordia.ch\/?page_id=112\" \/><div class=\"button_div\"><input name=\"submit\" type=\"submit\" value=\"S\u2019enregistrer\" class=\"buttons\" \/><\/div><div class=\"req-text\"><span class=\"req\">*<\/span>Champ requis<\/div><\/fieldset><\/form><\/div>\n<\/div><div class=\"wolf_shortcode_clear\"><\/div>\n","protected":false},"excerpt":{"rendered":"","protected":false},"author":1,"featured_media":0,"parent":0,"menu_order":0,"comment_status":"open","ping_status":"open","template":"template-home-fullwidth.php","meta":{"footnotes":""},"_links":{"self":[{"href":"https:\/\/intern.laconcordia.ch\/index.php?rest_route=\/wp\/v2\/pages\/112"}],"collection":[{"href":"https:\/\/intern.laconcordia.ch\/index.php?rest_route=\/wp\/v2\/pages"}],"about":[{"href":"https:\/\/intern.laconcordia.ch\/index.php?rest_route=\/wp\/v2\/types\/page"}],"author":[{"embeddable":true,"href":"https:\/\/intern.laconcordia.ch\/index.php?rest_route=\/wp\/v2\/users\/1"}],"replies":[{"embeddable":true,"href":"https:\/\/intern.laconcordia.ch\/index.php?rest_route=%2Fwp%2Fv2%2Fcomments&post=112"}],"version-history":[{"count":11,"href":"https:\/\/intern.laconcordia.ch\/index.php?rest_route=\/wp\/v2\/pages\/112\/revisions"}],"predecessor-version":[{"id":1219,"href":"https:\/\/intern.laconcordia.ch\/index.php?rest_route=\/wp\/v2\/pages\/112\/revisions\/1219"}],"wp:attachment":[{"href":"https:\/\/intern.laconcordia.ch\/index.php?rest_route=%2Fwp%2Fv2%2Fmedia&parent=112"}],"curies":[{"name":"wp","href":"https:\/\/api.w.org\/{rel}","templated":true}]}}